ded by 169?
160
What is the remainder when 2012 is divided by 32?
28
What is the remainder when 136 is divided by 44?
4
Calculate the remainder when 146 is divided by 12.
2
Calculate the remainder when 95 is divided by 63.
32
What is the remainder when 6368 is divided by 266?
250
Calculate the remainder when 397 is divided by 77.
12
What is the remainder when 292 is divided by 7?
5
What is the remainder when 56 is divided by 21?
14
What is the remainder when 87 is divided by 15?
12
What is the remainder when 161 is divided by 66?
29
What is the remainder when 79 is divided by 16?
15
Calculate the remainder when 271 is divided by 46.
41
What is the remainder when 291 is divided by 6?
3
What is the remainder when 2243 is divided by 66?
65
Calculate the remainder when 169 is divided by 59.
51
What is the remainder when 416 is divided by 196?
24
Calculate the remainder when 390 is divided by 197.
193
Calculate the remainder when 2602 is divided by 48.
10
What is the remainder when 693 is divided by 100?
93
What is the remainder when 1061 is divided by 59?
58
What is the remainder when 164 is divided by 29?
19
Calculate the remainder when 977 is divided by 285.
122
Calculate the remainder when 161 is divided by 27.
26
What is the remainder when 433 is divided by 62?
61
What is the remainder when 286 is divided by 29?
25
Calculate the remainder when 1384 is divided by 177.
145
What is the remainder when 184 is divided by 18?
4
What is the remainder when 752 is divided by 36?
32
Calculate the remainder when 158 is divided by 4.
2
Calculate the remainder when 748 is divided by 9.
1
What is the remainder when 9199 is divided by 86?
83
What is the remainder when 174 is divided by 71?
32
What is the remainder when 216 is divided by 37?
31
Calculate the remainder when 53 is divided by 9.
8
Calculate the remainder when 719 is divided by 45.
44
Calculate the remainder when 5542 is divided by 73.
67
What is the remainder when 328 is divided by 22?
20
What is the remainder when 57 is divided by 32?
25
What is the remainder when 704 is divided by 246?
212
What is the remainder when 189 is divided by 30?
9
What is the remainder when 40 is divided by 24?
16
Calculate the remainder when 1338 is divided by 67.
65
What is the remainder when 1981 is divided by 31?
28
What is the remainder when 98 is divided by 21?
14
Calculate the remainder when 335 is divided by 42.
41
Calculate the remainder when 1831 is divided by 13.
11
What is the remainder when 607 is divided by 82?
33
Calculate the remainder when 351 is divided by 19.
9
Calculate the remainder when 281 is divided by 125.
31
What is the remainder when 179 is divided by 12?
11
Calculate the remainder when 95 is divided by 48.
47
Calculate the remainder when 2033 is divided by 68.
61
What is the remainder when 1533 is divided by 56?
21
Calculate the remainder when 576 is divided by 39.
30
Calculate the remainder when 42 is divided by 37.
5
What is the remainder when 5653 is divided by 13?
11
What is the remainder when 1163 is divided by 53?
50
Calculate the remainder when 151 is divided by 16.
7
What is the remainder when 375 is divided by 13?
11
What is the remainder when 8574 is divided by 134?
132
Calculate the remainder when 1026 is divided by 513.
0
What is the remainder when 257 is divided by 68?
53
Calculate the remainder when 1810 is divided by 37.
34
Calculate the remainder when 158 is divided by 3.
2
Calculate the remainder when 76 is divided by 31.
14
Calculate the remainder when 498 is divided by 40.
18
Calculate the remainder when 932 is divided by 217.
64
What is the remainder when 11367 is divided by 98?
97
Calculate the remainder when 149 is divided by 31.
25
Calculate the remainder when 431 is divided by 14.
11
Calculate the remainder when 516 is divided by 7.
5
Calculate the remainder when 2203 is divided by 195.
58
Calculate the remainder when 48 is divided by 30.
18
What is the remainder when 114 is divided by 39?
36
Calculate the remainder when 80 is divided by 80.
0
What is the remainder when 77112 is divided by 159?
156
What is the remainder when 4647 is divided by 93?
90
What is the remainder when 384 is divided by 58?
36
What is the remainder when 262 is divided by 117?
28
What is the remainder when 175 is divided by 52?
19
Calculate the remainder when 48747 is divided by 50.
47
What is the remainder when 588 is divided by 16?
12
What is the remainder when 182 is divided by 32?
22
Calculate the remainder when 107 is divided by 34.
5
What is the remainder when 141 is divided by 44?
9
Calculate the remainder when 484 is divided by 54.
52
What is the remainder when 67 is divided by 4?
3
Calculate the remainder when 343 is divided by 16.
7
What is the remainder when 206 is divided by 64?
14
What is the remainder when 690 is divided by 136?
10
What is the remainder when 1990 is divided by 8?
6
What is the remainder when 1256 is divided by 416?
8
What is the remainder when 517 is divided by 148?
73
Calculate the remainder when 386 is divided by 129.
128
What is the remainder when 380 is divided by 70?
30
Calculate the remainder when 582 is divided by 83.
1
Calculate the remainder when 625 is divided by 74.
33
What is the remainder when 286 is divided by 284?
2
What is the remainder when 137 is divided by 51?
35
Calculate the remainder when 852 is divided by 129.
78
Calculate the remainder when 550 is divided by 172.
34
What is the remainder when 635 is divided by 98?
47
Calculate the remainder when 26507 is divided by 282.
281
Calculate the remainder when 1346 is divided by 30.
26
Calculate the remainder when 671 is divided by 228.
215
Calculate the remainder when 359 is divided by 28.
23
What is the remainder when 77 is divided by 5?
2
What is the remainder when 91 is divided by 45?
1
What is the remainder when 1242 is divided by 78?
72
Calculate the remainder when 474 is divided by 17.
15
Calculate the remainder when 66 is divided by 55.
11
What is the remainder when 622 is divided by 418?
204
What is the remainder when 1804 is divided by 16?
12
What is the remainder when 163 is divided by 28?
23
What is the remainder when 190 is divided by 9?
1
Calculate the remainder when 159 is divided by 51.
6
Calculate the remainder when 1358 is divided by 31.
25
What is the remainder when 283 is divided by 36?
31
Calculate the remainder when 11 is divided by 4.
3
What is the remainder when 391 is divided by 186?
19
Calculate the remainder when 2972 is divided by 17.
14
Calculate the remainder when 75 is divided by 47.
28
Calculate the remainder when 262 is divided by 33.
31
Calculate the remainder when 123 is divided by 67.
56
What is the remainder when 119 is divided by 19?
5
What is the remainder when 199 is divided by 93?
13
What is the remainder when 834 is divided by 263?
45
What is the remainder when 883 is divided by 148?
143
What is the remainder when 208 is divided by 27?
19
Calculate the remainder when 27 is divided by 18.
9
What is the remainder when 254 is divided by 57?
26
Calculate the remainder when 1714 is divided by 39.
37
Calculate the remainder when 118 is divided by 100.
18
What is the remainder when 60 is divided by 20?
0
What is the remainder when 371 is divided by 91?
7
Calculate the remainder when 1011 is divided by 332.
15
Calculate the remainder when 406 is divided by 37.
36
Calculate the remainder when 74 is divided by 14.
4
Calculate the remainder when 1490 is divided by 81.
32
Calculate the remainder when 305 is divided by 11.
8
Calculate the remainder when 78 is divided by 10.
8
Calculate the remainder when 66 is divided by 38.
28
What is the remainder when 3161 is divided by 199?
176
What is the remainder when 1696 is divided by 67?
21
What is the remainder when 205 is divided by 16?
13
Calculate the remainder when 19411 is divided by 34.
31
Calculate the remainder when 521 is divided by 133.
122
What is the remainder when 1910 is divided by 49?
48
What is the remainder when 381 is divided by 32?
29
What is the remainder when 4912 is divided by 4901?
11
What is the remainder when 5875 is divided by 245?
240
Calculate the remainder when 220 is divided by 40.
20
What is the remainder when 1767 is divided by 118?
115
What is the remainder when 120 is divided by 21?
15
C